e (14/8)/(1/4). Let u = 16 - r. Let s(j) = 2*j**2 - 4*j - 5. Calculate the remainder when s(5) is divided by u.
7
Let q = 44 - 41. Calculate the remainder when q is divided by 1.
0
Suppose 0 = 3*w - 7*w. Let l(u) = 8 + 4*u + u**2 + 0 - 3*u. What is the remainder when l(w) is divided by 5?
3
Let r = 43 - 23. Calculate the remainder when r is divided by 11.
9
Suppose -121 = -2*q - 5*a + 24, -2*a = 10. Calculate the remainder when q is divided by 29.
27
Let s(t) = -t**2 - 8*t + 2. Calculate the remainder when 47 is divided by s(-5).
13
Calculate the remainder when 1304/48 - 1/6 is divided by 14.
13
Suppose 2*q - 10 = 0, -7*q - 47 = -x - 3*q. Let t = -45 + x. Calculate the remainder when t is divided by 6.
4
Let o(j) = -4*j - 6. Let u be o(-4). Suppose -5*z = -u - 40. What is the remainder when 37 is divided by z?
7
Suppose b - 12 = y, 0 = -3*b + b - 5*y + 38. What is the remainder when 24 is divided by b?
10
Suppose 0 = -4*s + 2*x + 42, 6*s - s - 90 = -5*x. What is the remainder when (-38)/(-6)*(-3 - -9) is divided by s?
12
Suppose -5*p + 61 + 79 = 0. What is the remainder when p is divided by 10?
8
Let b be (2/(-3))/(4/(-18)). Suppose b*f = -4*o + 5*o + 56, -o = 5*f - 96. What is the remainder when f is divided by 10?
9
Suppose 5*n = n - y + 28, 3*n + y = 20. What is the remainder when n is divided by 5?
3
Suppose 0 = -0*t + 3*t - 24. Let g = 79 - 117. What is the remainder when t is divided by g/(-7) + (-12)/28?
3
Suppose c - 98*q = -101*q + 10, 0 = 2*c + 3*q - 17. Suppose 0*v + v - 32 = 0. What is the remainder when v is divided by c?
4
Suppose -4*s = -2*k + 166, 2*k + k = -s + 270. What is the remainder when k is divided by 30?
29
Let q(n) be the third derivative of -2/3*n**3 + 3*n**2 + 0 + 0*n + 1/4*n**4. What is the remainder when 41 is divided by q(3)?
13
Suppose -c - 11 = -4*c - w, -2*c - w + 7 = 0. Suppose -2*u + 4*u = -4*m + 46, -c*u + 104 = 2*m. Calculate the remainder when u is divided by 14.
13
Let h be (-12)/(-6*(-3)/12). Let r = h + 25. Calculate the remainder when 67 is divided by r.
16
Let h(l) = -3*l**3 + 9*l**2 + 3*l - 4. Let f(x) = 5*x**3 - 13*x**2 - 5*x + 6. Let c(b) = 5*f(b) + 8*h(b). What is the remainder when c(-7) is divided by 2?
1
Let w = 88 - 10. What is the remainder when w is divided by 21?
15
What is the remainder when 13/(-4)*(18 - 22) is divided by 8?
5
Suppose 0 = -3*p + 4*w + 151, 3*p + 87 = 3*w + 240. Let j = 97 - p. Suppose -4*x + 22 = -38. What is the remainder when j is divided by x?
14
Let z be (128/12)/((-2)/(-6)). Suppose z = 3*c - 46. What is the remainder when c is divided by 5*2 - 1 - 0?
8
Let z(g) = -g**3 - 5*g**2 - 6*g - 21. Let h be z(-4). Let b = 28 + -39. Let d = b - h. Calculate the remainder when 5 is divided by d.
1
Let s(v) = -5*v. Let d be s(-1). Suppose -26 = 5*g - 2*l, -d*g + 3*g - l - 5 = 0. What is the remainder when g/(-6) + (-30)/(-9) is divided by 3?
1
Let f(q) = 23*q - 59. Suppose 4*y - 2*i + 6*i - 20 = 0, -3*i - 6 = -4*y. Suppose -6 = -4*x + 6, 36 = 3*m + y*x. What is the remainder when f(4) is divided by m?
6
Suppose -6*k + 26 = -4*k. Calculate the remainder when (-1)/4 - 404/(-16) is divided by k.
12
What is the remainder when (-804)/(-18) - (-2)/6 is divided by 18?
9
Let k be (-52)/8 - (-2)/4. Let n = 5 - k. What is the remainder when 19 is divided by n?
8
Suppose 4*t + 4 = 2*b, 5*b - 42 - 4 = t. Suppose 0 = 9*r - 7*r - b. Suppose 2*l = i - 9, -3*i = -4*i - 3*l + 29. What is the remainder when i is divided by r?
2
Calculate the remainder when (-4)/10 + (-1748)/(-20) is divided by 11.
10
Let m(b) = 2*b**2 - 3*b - 2. Let o be m(-1). Let g(v) = -v + 8. Calculate the remainder when 18 is divided by g(o).
3
Let r be (-46)/(-14) - 2/7. Suppose -110 = -5*u + r*u. Calculate the remainder when u is divided by 19.
17
Suppose -5*y + 2*q + 119 = -0*q, 2 = -q. What is the remainder when 44 is divided by y?
21
Let o = -17 - -12. Let y = 5 + o. What is the remainder when 44 is divided by (-15)/(3/(-3)) - y?
14
Let b(k) = -21*k - 3. What is the remainder when b(-2) is divided by 5?
4
Let b = -8 - -58. What is the remainder when b is divided by (2/6)/(4/156)?
11
Suppose 3*s - 2*o - 15 = o, -4*s - 5*o = -11. Suppose -s*f - 3*p + 112 = 0, 48 + 8 = 2*f - 3*p. Let g = f + 5. Calculate the remainder when g is divided by 12.
9
Suppose 4*t + 0*f - 15 = -f, -3*t - 3*f = 0. Suppose -2*a = 4*n - 200, -t*n - a = 4*a - 250. Calculate the remainder when n is divided by 13.
11
Suppose b + 0 = 6. Let l = 236 + -214. Calculate the remainder when l is divided by b.
4
Suppose 4*i - 3*i - 11 = 0. Suppose i = p + 4*m, -62 = -4*p + m + 16. What is the remainder when p is divided by ((-12)/30)/(1/(-25))?
9
Let k(p) = 3*p - 7. Let d(t) = 8*t - 21. Let q(m) = 4*d(m) - 11*k(m). Calculate the remainder when 8 is divided by q(-10).
2
Suppose 3*r = -4*l + 68, 5*r - 2*l - 6 = 64. What is the remainder when 26 is divided by r?
10
Suppose -k + 42 = 4*o, -3*o - 12 = 3*k - 48. What is the remainder when 38 is divided by o?
8
Calculate the remainder when (-3 + 1)*(-78)/12 is divided by (2 - 4)*-2*(2 + 0).
5
Calculate the remainder when (-30)/(-45)*177/2 is divided by 31.
28
Let x be (4/(-16))/(3/(-24)). Suppose 0 = 4*o + 2*t - 22, -3*t = o + x*o - 24. What is the remainder when 7 is divided by o?
1
Let t = 19 - 13. Calculate the remainder when 70 is divided by t.
4
Suppose q + 14 = -25. Let u = q - -56. Calculate the remainder when u is divided by ((-48)/10)/(-4)*5.
5
Suppose 0 = -11*v + 9*v + 276. Suppose -z + 2*t = z - v, -273 = -4*z + 5*t. What is the remainder when z is divided by 25?
22
Suppose b - 40 = -4*b. What is the remainder when 23 is divided by b?
7
Suppose 4 = 3*t - 2*t. Suppose -33 - 19 = -4*u. Calculate the remainder when u is divided by t.
1
Suppose 0 = 2*r - 9 + 7. Suppose 30 = 5*o - 5*y, -o = -3*y + y - r. What is the remainder when 43 is divided by o?
10
Suppose h + 4*r = 15, 4*h + 0*h + 5*r = 49. Let a be (1 - 0)/(5/10). Suppose a*m = 2, -4*x - 4*m + 37 + 47 = 0. Calculate the remainder when x is divided by h.
9
Suppose 3*c = 32 - 5. Suppose -4*j + 92 - 28 = 0. Calculate the remainder when j is divided by c.
7
Suppose -217 = -l - 42. Suppose 3*w = -2*w + l. Calculate the remainder when w is divided by 12.
11
Let t(q) = -19*q - 3. What is the remainder when t(-2) is divided by 13?
9
Let q = 8 - -42. Suppose 0 = -5*l - 0*l + t + q, -3*l + 3*t + 30 = 0. Calculate the remainder when 38 is divided by l.
8
Suppose 9*k = 2*k + 427. What is the remainder when k is divided by 21?
19
Suppose 6*v - 12 = 54. Let u(r) = -r**3 + r**2 + r + 29. What is the remainder when u(0) is divided by v?
7
Suppose 3*l + 3 = 6*l. Let z(d) = 12*d**2 + 2*d - 1. What is the remainder when z(1) is divided by l*(8 - 1 - 2)?
3
Suppose 0 = -4*k + 2 + 14. Suppose 22 = -x + 2*x + k*u, 0 = -5*x - 4*u + 46. Let i = x - -1. Calculate the remainder when 20 is divided by i.
6
Let p = -26 + 42. Calculate the remainder when p is divided by 6.
4
Let b = -15 + 25. Let f(w) = 5*w + 1. Let y = -7 - -8. Calculate the remainder when b is divided by f(y).
4
Let j be -14 - (2 - (4 - 3)). Let i = j - -23. What is the remainder when i is divided by 3?
2
Suppose -37 - 7 = -4*s. Calculate the remainder when 42 is divided by s.
9
Let t(p) = -p**2 + 8*p - 7. Let s be t(5). Let h(q) be the first derivative of 2*q**2 + 2*q - 2. Calculate the remainder when h(s) is divided by 12.
10
Let s(k) be the third derivative of 2*k**5/15 + k**4/24 - k**3/6 - k**2. Let u be s(1). Suppose m = 2*m - u. Calculate the remainder when 22 is divided by m.
6
Suppose -5*z - 72 = 3*g, 0*z = 3*z - 2*g + 28. Let k = 29 + z. What is the remainder when 49 is divided by k?
15
Let q be (2 + (-8)/(-2))/2. Let a be (0 + 1)*(q - 1). Calculate the remainder when (3/4)/(a/32) is divided by 7.
5
Let w(h) be the first derivative of -h**4/2 - 2*h**3 - 5*h**2/2 - 2*h - 2. Let g = 15 + 2. Calculate the remainder when w(-4) is divided by g.
16
Let c(m) = -m - 10. Let x be c(-14). Suppose -4 = x*i, -3*k + 81 = -k - 5*i. Calculate the remainder when k is divided by 8.
6
Let o be -2 + (-4)/(-2) + 3. Suppose 0 = j + 4*p - 6*p - 17, p - 79 = -o*j. What is the remainder when j is divided by 13?
12
Let x(l) = l**3 + 5*l**2 + 3. Let f be (-13)/(-4) - (-1)/(-4). Suppose 5*h - f*g - 192 = 0, -h - 3*g + 60 = h. W